3*l = g. Suppose w + 21 = k + 142, -g*k + 351 = 3*w. Is w a prime number?
False
Suppose 3*j + 2*l - 13 = -2*j, 5*l - 23 = -3*j. Is j*3 - (10 + -58) a prime number?
False
Let y = -1570 + 2249. Is y composite?
True
Let v = -61 - -152. Is v a composite number?
True
Let f(t) = 6*t - 14. Let r be f(12). Suppose a - 2*a = -r. Is a composite?
True
Suppose -3*c - 3*z + 394 = -2*z, 3*c = 5*z + 424. Is c prime?
False
Let l = -9 - -13. Let s(n) = 6*n**2 - n**3 - 4*n**3 - 3 + 4*n**3 - l*n. Is s(4) prime?
True
Suppose -8 = 2*x + 2*h + 8, -6 = 2*h. Let f = x + 12. Suppose -5*w - 422 = -f*w. Is w prime?
True
Let h(f) = f + 201. Is h(0) a prime number?
False
Suppose 3*j = -5*n + 7429, 0*j - 3*n - 4940 = -2*j. Is j a prime number?
True
Let x(f) be the second derivative of f**7/840 + f**6/60 - 3*f**5/40 + f**4/3 + f**3/6 + f. Let o(h) be the second derivative of x(h). Is o(-7) composite?
True
Suppose 0 = -0*r + 2*r - 8. Suppose -5*a + 25 = -0*a. Suppose -r*g + 59 = -a*z, -87 = -4*g - z + 2. Is g composite?
True
Let t = -10 - -7. Let n(d) = -3641*d - 1. Let f be n(-1). Is 1/t - f/(-30) a prime number?
False
Let n(s) be the third derivative of -s**6/5 + s**5/60 - s**4/24 - s**3/6 + 2*s**2. Suppose i = 4*q + 3, i = q - i - 1. Is n(q) composite?
True
Let u = -14 - -25. Let y = 10 + u. Is y composite?
True
Is (284 + -4)/2 - -1 a prime number?
False
Suppose 3*r + 3 = -3. Let j be (-1)/(49/24 + r). Is j/(-10) + 8/(-20) prime?
True
Let o(z) be the second derivative of 14*z**3/3 + z**2/2 - z. Let r be o(2). Let y = -38 + r. Is y prime?
True
Suppose -762 = -r - 5*r. Is r prime?
True
Suppose -4 = -4*d + n, 4*d + d = n + 6. Suppose 0 = -d*g + 227 - 69. Is g composite?
False
Let k(x) = 5*x + 2. Is k(7) prime?
True
Suppose 5518 = 5*v + 1713. Is v a composite number?
False
Let w = -12 - -8. Let k = w + 6. Suppose 527 = 3*s + k*y, 3*y - 879 = -5*s - 0*y. Is s composite?
True
Suppose 5*x + 4 + 11 = 0, -6 = p + 3*x. Suppose -3*o = 3*v - 378, -p*v - 379 = -6*v - 2*o. Is v a composite number?
False
Let w = -8 - -13. Suppose 0 = 4*a - a - 678. Suppose p = -w*m + 93, -3*p + m = -a - 53. Is p a composite number?
True
Let a(v) = v**3 - 5*v**2 - 3*v - 2. Let w be a(-5). Is -1 + 2 - w - 3 composite?
True
Let f be (-2 + 3)/(9/(-63)). Let j be ((-16)/(-2))/((-4)/(-22)). Let h = f + j. Is h composite?
False
Suppose -2*s - 53 = -5*f - 5*s, -2*s = -5*f + 48. Is 1876/f - (-3)/(-5) a composite number?
True
Suppose -428 = -3*j - 2354. Let n = j - -979. Is n a prime number?
True
Let z be 2 - (-7)/((-14)/(-30)). Let i = z - -116. Is i a composite number?
True
Suppose 0*v - 394 = v. Let l = v + 679. Is (-2)/(-1*6/l) composite?
True
Suppose -2*g - 4*t - 2 = 0, 3*t = 4*g - 20 - 9. Suppose -c = -f - 0*c + 55, -g*c = 4*f - 184. Is f a prime number?
False
Let n(s) = s - 1. Let z be n(4). Suppose -z*i = -2*w + 104, -7*w + 277 = -2*w + i. Is w prime?
False
Let y = 19 - 8. Let q = 76 - y. Is q a prime number?
False
Let w be 2/(-4) - (-4)/8. Suppose w = x - 6*x + 35. Is 4/14 + 89/x a composite number?
False
Suppose -2*y + 4*m = -m - 701, 2*y = -5*m + 711. Is y a composite number?
False
Let p be (-133)/(-9) - 6/(-27). Suppose -5*k + 0*u + 29 = 2*u, 5*u = -p. Is k a prime number?
True
Let b(f) = -f + 4. Let s be b(-3). Let j(t) = t. Let d be j(s). Suppose -d*c = -2*c - 485. Is c a prime number?
True
Suppose -14989 = -5*l - 4764. Is l prime?
False
Suppose -3 = -2*k - 5. Let u be 4/(-6)*(-3)/k. Is (60/16)/(u/(-8)) composite?
True
Suppose -3*d + 122 = -31. Is d a composite number?
True
Suppose -48*w - 1361 = -49*w. Is w a prime number?
True
Let h(i) = -i**3 + 7*i**2 - 5*i + 1. Let q be h(4). Let b = 220 - q. Is b composite?
False
Suppose 0*p - p - 4*a = 140, 5*a = -2*p - 286. Let t = p - -359. Is t composite?
False
Let q(i) = 40*i - 1. Is q(11) a prime number?
True
Suppose x + 0*x - 3*q = 42, -5*x + 172 = 4*q. Suppose -3*k + 249 + x = 0. Is k a composite number?
True
Let h = 440 - 203. Let c be h + 0 + 0 - -1. Suppose -2*d = -2*b - c, 0*b - 3*b = -d + 127. Is d a composite number?
True
Suppose 5*z - 9675 = -5*x, 4*z = 3*z - 5*x + 1951. Is z a composite number?
False
Let k(s) be the third derivative of -1/30*s**5 - 1/4*s**4 + 0*s + 1/6*s**3 + 0 - s**2 + 1/120*s**6. Is k(5) composite?
True
Is (0 - -2)*2*895/4 a prime number?
False
Suppose 2*y + 4 = -0*y. Is (-44)/(-2)*(-2)/y composite?
True
Let w(f) = 22*f - 33. Is w(16) composite?
True
Suppose 0 = o - 4*o + 9. Suppose 3*r - 1027 = 4*s, -o*s + 770 = -6*s + 2*r. Is 0 - 0 - (s + -3) prime?
False
Is 3/((-7)/((-12460)/12)) a prime number?
False
Suppose 3*h + i - 305 = 0, 6*i + 192 = 2*h + i. Suppose 3*d + h = 368. Is d prime?
True
Let a be ((-75)/(-10))/(2/4). Suppose 0 = 3*o - 0*o - a. Let b(i) = -i**3 + 6*i**2 + 2*i. Is b(o) prime?
False
Let m(j) = 2*j**3 - 4*j**2 + 2*j + 3. Let u(d) = 3*d - 3. Let x be u(-4). Let y = -10 - x. Is m(y) a composite number?
False
Let z be 6/8 - 34/(-8). Suppose 3*u - 4*q - 153 = -q, -4*q = -z*u + 259. Is u composite?
True
Suppose 3*y + 146 = 4*y. Is y a composite number?
True
Let p(n) = n - 4*n**3 - 5 + 2*n**3 + 3*n**3. Let j be p(5). Let a = -48 + j. Is a composite?
True
Suppose 61 = d - 5*g, -d + 35 = 2*g + 2. Let l = 68 + 4. Let s = l - d. Is s a prime number?
True
Suppose -4*d = -5*x + 7343, -527 = 2*x + 5*d - 3484. Is x prime?
True
Suppose 4*q = -2*k + 2586, -3*k + 3879 = -0*k + q. Is k composite?
True
Is (223 - (0 + -3)) + 0 prime?
False
Suppose -3*z - 4*q = -1, 2*z - 5*q + 10 = -3*z. Let s be (z + 7 - 1)*-2. Is s*1*(-7)/2 prime?
False
Let g(t) = -t**2 + 8*t - 4. Let y be g(8). Let z(p) = 3*p**2 - p. Let n be z(y). Let h = n + -9. Is h a prime number?
True
Is ((-395)/15)/((-1)/3) composite?
False
Suppose 5*x + 69 = -5*v + 9, 2*v - 24 = 2*x. Is 4*7/x*-3 a composite number?
False
Let q(i) be the first derivative of 5*i**2/2 - 4*i - 3. Let g be q(-3). Is 2/(-6)*(g - -1) a prime number?
False
Suppose 0 = -f + 6 - 4. Suppose 3*j + y = 287, f*y + 49 = j - 42. Suppose 2*a - j = -3*a. Is a a prime number?
True
Let c = -5 + 8. Suppose 2*n - 3*m - 18 = 0, c*m - 5*m - 14 = -2*n. Suppose -n*g + 69 = -2*g. Is g prime?
False
Is (-7659)/(-6) + (-7 + 4)/(-6) a composite number?
False
Is (-7 - -6)/((-2)/1174) a composite number?
False
Is -3 + 1/(5/425) prime?
False
Let k = -2 + 3. Let a be -2 - -1 - -47*k. Suppose 5*q - a - 84 = 0. Is q composite?
True
Suppose 0 = v - 5*v - 4, -5*w + 10 = 5*v. Suppose -7 = -w*f - 1. Suppose 0 = -5*o - g + 10, -2*o + f = -3*o - g. Is o prime?
True
Let v = 33 + -19. Let s = v - -9. Is s prime?
True
Let o(h) = 4*h**3 + h**2 - 2*h**2 + 2*h**2 + 1 - h. Let z be o(1). Let f = z + 26. Is f composite?
False
Is (-11)/(-88) - (-2574)/16 prime?
False
Let l(j) = -j**2 + 15*j + 14. Let u be l(14). Suppose -2*q + 0*q + 94 = 0. Let h = q - u. Is h a prime number?
True
Let v(r) = -r - 15. Let x be v(-9). Is 12/(-9) + (-2522)/x a composite number?
False
Suppose -2*a = b - 5, 0*b = 5*a + 4*b - 20. Suppose -f + 5*f - 532 = a. Is f a composite number?
True
Suppose -16*d + 18*d = 268. Suppose -2*i + 224 = -d. Is i prime?
True
Let r(d) = 8*d**2 - d. Is r(-2) composite?
True
Is ((-172)/(-6))/(16/24) composite?
False
Let d be (-92)/12 + (-2)/(-3). Let c(a) = -112*a. Let x be c(d). Suppose 212 = -4*r + x. Is r a prime number?
False
Is (-32)/(-112) + (-13898)/(-14) prime?
False
Let h = 1944 - 970. Is h prime?
False
Let j(f) = 2 - 75*f - 4 - f - 4. Let y be j(-4). Suppose 3*u - u - y = 0. Is u composite?
False
Let c = 5 - 7. Is 1690/8 - c/(-8) a prime number?
True
Suppose 8346 = 3*n - 3*w, 5*w - 5559 = -2*n + 8*w. Is n a prime number?
False
Let v be (-1)/3 + 739/3. Suppose -5*p + v = 2*k + 85, 0 = k + 2*p - 83. Is k prime?
False
Is 1 + 7/(21/786) prime?
True
Let n(o) = -2*o - 1. Let m be n(-2). Suppose 4*w = -m*x, 0 = 2*x - 3*w - 21 + 4. Let k(s) = 6*s + 2. Is k(x) prime?
False
Suppose 2*k = -4*o + 153 + 21, 4*k - 322 = 5*o. Is k composite?
False
Suppose 4*u + 2*b - 4270 = 0, -4*u = 3*b - 4065 - 206. Is u a prime number?
False
Let j = 2 - -1. Suppose t - 76 = -j*t. Is t prime?
True
Suppose -2 = -4*h + 2*h. Let b be ((-14)/4)/(h/(-12)). Suppose t + t = b. Is t a composite number?
True
Let g(s) = 9*s - 1. Let j be g(5). Suppose -3*n - 2*n = 0. Suppose 0*b + 2*b - j = n. Is b a composite number?
True
Let h be 15/5*1/3. Let v(k) = 110*k*